{"id":992,"date":"2020-11-09T12:57:40","date_gmt":"2020-11-09T12:57:40","guid":{"rendered":"https:\/\/www.ikonorm.com\/?post_type=product&#038;p=992"},"modified":"2020-11-09T12:57:40","modified_gmt":"2020-11-09T12:57:40","slug":"aws-d1-1-d1-1m-codigo-de-soldagem-estrutural-aco","status":"publish","type":"product","link":"https:\/\/www.ikonorm.com\/index.php\/producto\/aws-d1-1-d1-1m-codigo-de-soldagem-estrutural-aco\/","title":{"rendered":"AWS D1.1\/ D1.1M C\u00f3digo de Soldagem Estrutural &#8211; A\u00e7o"},"content":{"rendered":"","protected":false},"excerpt":{"rendered":"<p>cobre os requisitos de soldagem para qualquer tipo de estrutura soldada feita de a\u00e7o carbono e a\u00e7os de baixa liga comumente usados na constru\u00e7\u00e3o.<\/p>\n","protected":false},"featured_media":238,"comment_status":"open","ping_status":"closed","template":"","meta":{"_monsterinsights_skip_tracking":false,"_monsterinsights_sitenote_active":false,"_monsterinsights_sitenote_note":"","_monsterinsights_sitenote_category":0},"class_list":["post-992","product","type-product","status-publish","has-post-thumbnail","hentry","product_cat-regras","product_cat-vasos-de-pressao-regras","col-xs-6 col-sm-4","col-mf-5","un--cols"],"yoast_head":"<!-- This site is optimized with the Yoast SEO plugin v15.9.2 - https:\/\/yoast.com\/wordpress\/plugins\/seo\/ -->\n<title>AWS D1.1\/ D1.1M C\u00f3digo de Soldagem Estrutural - A\u00e7o - Tienda de normas e informaci\u00f3n t\u00e9cnica- IKONORM<\/title>\n<link rel=\"canonical\" href=\"https:\/\/www.ikonorm.com\/index.php\/producto\/aws-d1-1-d1-1m-codigo-de-soldagem-estrutural-aco\/\" \/>\n<meta property=\"og:locale\" content=\"es_ES\" \/>\n<meta property=\"og:type\" content=\"article\" \/>\n<meta property=\"og:title\" content=\"AWS D1.1\/ D1.1M C\u00f3digo de Soldagem Estrutural - A\u00e7o - Tienda de normas e informaci\u00f3n t\u00e9cnica- IKONORM\" \/>\n<meta property=\"og:description\" content=\"cobre os requisitos de soldagem para qualquer tipo de estrutura soldada feita de a\u00e7o carbono e a\u00e7os de baixa liga comumente usados na constru\u00e7\u00e3o.\" \/>\n<meta property=\"og:url\" content=\"https:\/\/www.ikonorm.com\/index.php\/producto\/aws-d1-1-d1-1m-codigo-de-soldagem-estrutural-aco\/\" \/>\n<meta property=\"og:site_name\" content=\"Tienda de normas e informaci\u00f3n t\u00e9cnica- IKONORM\" \/>\n<meta property=\"og:image\" content=\"https:\/\/www.ikonorm.com\/wp-content\/uploads\/2020\/05\/433x449-NORMAS-AWSD1-1-IKONORM.jpg\" \/>\n\t<meta property=\"og:image:width\" content=\"433\" \/>\n\t<meta property=\"og:image:height\" content=\"449\" \/>\n<meta name=\"twitter:card\" content=\"summary_large_image\" \/>\n<script type=\"application\/ld+json\" class=\"yoast-schema-graph\">{\"@context\":\"https:\/\/schema.org\",\"@graph\":[{\"@type\":\"WebSite\",\"@id\":\"https:\/\/www.ikonorm.com\/#website\",\"url\":\"https:\/\/www.ikonorm.com\/\",\"name\":\"Tienda de normas e informaci\\u00f3n t\\u00e9cnica- IKONORM\",\"description\":\"\",\"potentialAction\":[{\"@type\":\"SearchAction\",\"target\":\"https:\/\/www.ikonorm.com\/?s={search_term_string}\",\"query-input\":\"required name=search_term_string\"}],\"inLanguage\":\"es\"},{\"@type\":\"ImageObject\",\"@id\":\"https:\/\/www.ikonorm.com\/index.php\/producto\/aws-d1-1-d1-1m-codigo-de-soldagem-estrutural-aco\/#primaryimage\",\"inLanguage\":\"es\",\"url\":\"https:\/\/www.ikonorm.com\/wp-content\/uploads\/2020\/05\/433x449-NORMAS-AWSD1-1-IKONORM.jpg\",\"width\":433,\"height\":449},{\"@type\":\"WebPage\",\"@id\":\"https:\/\/www.ikonorm.com\/index.php\/producto\/aws-d1-1-d1-1m-codigo-de-soldagem-estrutural-aco\/#webpage\",\"url\":\"https:\/\/www.ikonorm.com\/index.php\/producto\/aws-d1-1-d1-1m-codigo-de-soldagem-estrutural-aco\/\",\"name\":\"AWS D1.1\/ D1.1M C\\u00f3digo de Soldagem Estrutural - A\\u00e7o - Tienda de normas e informaci\\u00f3n t\\u00e9cnica- IKONORM\",\"isPartOf\":{\"@id\":\"https:\/\/www.ikonorm.com\/#website\"},\"primaryImageOfPage\":{\"@id\":\"https:\/\/www.ikonorm.com\/index.php\/producto\/aws-d1-1-d1-1m-codigo-de-soldagem-estrutural-aco\/#primaryimage\"},\"datePublished\":\"2020-11-09T12:57:40+00:00\",\"dateModified\":\"2020-11-09T12:57:40+00:00\",\"breadcrumb\":{\"@id\":\"https:\/\/www.ikonorm.com\/index.php\/producto\/aws-d1-1-d1-1m-codigo-de-soldagem-estrutural-aco\/#breadcrumb\"},\"inLanguage\":\"es\",\"potentialAction\":[{\"@type\":\"ReadAction\",\"target\":[\"https:\/\/www.ikonorm.com\/index.php\/producto\/aws-d1-1-d1-1m-codigo-de-soldagem-estrutural-aco\/\"]}]},{\"@type\":\"BreadcrumbList\",\"@id\":\"https:\/\/www.ikonorm.com\/index.php\/producto\/aws-d1-1-d1-1m-codigo-de-soldagem-estrutural-aco\/#breadcrumb\",\"itemListElement\":[{\"@type\":\"ListItem\",\"position\":1,\"item\":{\"@type\":\"WebPage\",\"@id\":\"https:\/\/www.ikonorm.com\/\",\"url\":\"https:\/\/www.ikonorm.com\/\",\"name\":\"Portada\"}},{\"@type\":\"ListItem\",\"position\":2,\"item\":{\"@type\":\"WebPage\",\"@id\":\"https:\/\/www.ikonorm.com\/index.php\/shop\/\",\"url\":\"https:\/\/www.ikonorm.com\/index.php\/shop\/\",\"name\":\"Productos\"}},{\"@type\":\"ListItem\",\"position\":3,\"item\":{\"@type\":\"WebPage\",\"@id\":\"https:\/\/www.ikonorm.com\/index.php\/producto\/aws-d1-1-d1-1m-codigo-de-soldagem-estrutural-aco\/\",\"url\":\"https:\/\/www.ikonorm.com\/index.php\/producto\/aws-d1-1-d1-1m-codigo-de-soldagem-estrutural-aco\/\",\"name\":\"AWS D1.1\/ D1.1M C\\u00f3digo de Soldagem Estrutural &#8211; A\\u00e7o\"}}]}]}<\/script>\n<!-- \/ Yoast SEO plugin. -->","_links":{"self":[{"href":"https:\/\/www.ikonorm.com\/index.php\/wp-json\/wp\/v2\/product\/992","targetHints":{"allow":["GET"]}}],"collection":[{"href":"https:\/\/www.ikonorm.com\/index.php\/wp-json\/wp\/v2\/product"}],"about":[{"href":"https:\/\/www.ikonorm.com\/index.php\/wp-json\/wp\/v2\/types\/product"}],"replies":[{"embeddable":true,"href":"https:\/\/www.ikonorm.com\/index.php\/wp-json\/wp\/v2\/comments?post=992"}],"wp:featuredmedia":[{"embeddable":true,"href":"https:\/\/www.ikonorm.com\/index.php\/wp-json\/wp\/v2\/media\/238"}],"wp:attachment":[{"href":"https:\/\/www.ikonorm.com\/index.php\/wp-json\/wp\/v2\/media?parent=992"}],"curies":[{"name":"wp","href":"https:\/\/api.w.org\/{rel}","templated":true}]}}