{"id":978,"date":"2020-11-09T12:26:50","date_gmt":"2020-11-09T12:26:50","guid":{"rendered":"https:\/\/www.ikonorm.com\/?post_type=product&#038;p=978"},"modified":"2020-11-09T12:26:50","modified_gmt":"2020-11-09T12:26:50","slug":"astm-d2240-teste-standard-para-propriedade-da-borracha-dureza-duravel","status":"publish","type":"product","link":"https:\/\/www.ikonorm.com\/index.php\/producto\/astm-d2240-teste-standard-para-propriedade-da-borracha-dureza-duravel\/","title":{"rendered":"ASTM D2240  teste standard para propriedade da borracha &#8211; dureza dur\u00e1vel"},"content":{"rendered":"","protected":false},"excerpt":{"rendered":"<p>Este m\u00e9todo de teste cobre doze tipos de dispositivos de medi\u00e7\u00e3o da dureza da borracha conhecidos como dur\u00f4metros: tipos A, B, C, D, DO, E, M, O, OO, OOO, OOO-S y R.<\/p>\n","protected":false},"featured_media":194,"comment_status":"open","ping_status":"closed","template":"","meta":{"_monsterinsights_skip_tracking":false,"_monsterinsights_sitenote_active":false,"_monsterinsights_sitenote_note":"","_monsterinsights_sitenote_category":0},"class_list":["post-978","product","type-product","status-publish","has-post-thumbnail","hentry","product_cat-materiais-regras","product_cat-regras","col-xs-6 col-sm-4","col-mf-5","un--cols"],"yoast_head":"<!-- This site is optimized with the Yoast SEO plugin v15.9.2 - https:\/\/yoast.com\/wordpress\/plugins\/seo\/ -->\n<title>ASTM D2240 teste standard para propriedade da borracha - dureza dur\u00e1vel - Tienda de normas e informaci\u00f3n t\u00e9cnica- IKONORM<\/title>\n<link rel=\"canonical\" href=\"https:\/\/www.ikonorm.com\/index.php\/producto\/astm-d2240-teste-standard-para-propriedade-da-borracha-dureza-duravel\/\" \/>\n<meta property=\"og:locale\" content=\"es_ES\" \/>\n<meta property=\"og:type\" content=\"article\" \/>\n<meta property=\"og:title\" content=\"ASTM D2240 teste standard para propriedade da borracha - dureza dur\u00e1vel - Tienda de normas e informaci\u00f3n t\u00e9cnica- IKONORM\" \/>\n<meta property=\"og:description\" content=\"Este m\u00e9todo de teste cobre doze tipos de dispositivos de medi\u00e7\u00e3o da dureza da borracha conhecidos como dur\u00f4metros: tipos A, B, C, D, DO, E, M, O, OO, OOO, OOO-S y R.\" \/>\n<meta property=\"og:url\" content=\"https:\/\/www.ikonorm.com\/index.php\/producto\/astm-d2240-teste-standard-para-propriedade-da-borracha-dureza-duravel\/\" \/>\n<meta property=\"og:site_name\" content=\"Tienda de normas e informaci\u00f3n t\u00e9cnica- IKONORM\" \/>\n<meta property=\"og:image\" content=\"https:\/\/www.ikonorm.com\/wp-content\/uploads\/2020\/05\/433x449-NORMAS-ASTMD2240-IKONORM.jpg\" \/>\n\t<meta property=\"og:image:width\" content=\"433\" \/>\n\t<meta property=\"og:image:height\" content=\"449\" \/>\n<meta name=\"twitter:card\" content=\"summary_large_image\" \/>\n<script type=\"application\/ld+json\" class=\"yoast-schema-graph\">{\"@context\":\"https:\/\/schema.org\",\"@graph\":[{\"@type\":\"WebSite\",\"@id\":\"https:\/\/www.ikonorm.com\/#website\",\"url\":\"https:\/\/www.ikonorm.com\/\",\"name\":\"Tienda de normas e informaci\\u00f3n t\\u00e9cnica- IKONORM\",\"description\":\"\",\"potentialAction\":[{\"@type\":\"SearchAction\",\"target\":\"https:\/\/www.ikonorm.com\/?s={search_term_string}\",\"query-input\":\"required name=search_term_string\"}],\"inLanguage\":\"es\"},{\"@type\":\"ImageObject\",\"@id\":\"https:\/\/www.ikonorm.com\/index.php\/producto\/astm-d2240-teste-standard-para-propriedade-da-borracha-dureza-duravel\/#primaryimage\",\"inLanguage\":\"es\",\"url\":\"https:\/\/www.ikonorm.com\/wp-content\/uploads\/2020\/05\/433x449-NORMAS-ASTMD2240-IKONORM.jpg\",\"width\":433,\"height\":449},{\"@type\":\"WebPage\",\"@id\":\"https:\/\/www.ikonorm.com\/index.php\/producto\/astm-d2240-teste-standard-para-propriedade-da-borracha-dureza-duravel\/#webpage\",\"url\":\"https:\/\/www.ikonorm.com\/index.php\/producto\/astm-d2240-teste-standard-para-propriedade-da-borracha-dureza-duravel\/\",\"name\":\"ASTM D2240 teste standard para propriedade da borracha - dureza dur\\u00e1vel - Tienda de normas e informaci\\u00f3n t\\u00e9cnica- IKONORM\",\"isPartOf\":{\"@id\":\"https:\/\/www.ikonorm.com\/#website\"},\"primaryImageOfPage\":{\"@id\":\"https:\/\/www.ikonorm.com\/index.php\/producto\/astm-d2240-teste-standard-para-propriedade-da-borracha-dureza-duravel\/#primaryimage\"},\"datePublished\":\"2020-11-09T12:26:50+00:00\",\"dateModified\":\"2020-11-09T12:26:50+00:00\",\"breadcrumb\":{\"@id\":\"https:\/\/www.ikonorm.com\/index.php\/producto\/astm-d2240-teste-standard-para-propriedade-da-borracha-dureza-duravel\/#breadcrumb\"},\"inLanguage\":\"es\",\"potentialAction\":[{\"@type\":\"ReadAction\",\"target\":[\"https:\/\/www.ikonorm.com\/index.php\/producto\/astm-d2240-teste-standard-para-propriedade-da-borracha-dureza-duravel\/\"]}]},{\"@type\":\"BreadcrumbList\",\"@id\":\"https:\/\/www.ikonorm.com\/index.php\/producto\/astm-d2240-teste-standard-para-propriedade-da-borracha-dureza-duravel\/#breadcrumb\",\"itemListElement\":[{\"@type\":\"ListItem\",\"position\":1,\"item\":{\"@type\":\"WebPage\",\"@id\":\"https:\/\/www.ikonorm.com\/\",\"url\":\"https:\/\/www.ikonorm.com\/\",\"name\":\"Portada\"}},{\"@type\":\"ListItem\",\"position\":2,\"item\":{\"@type\":\"WebPage\",\"@id\":\"https:\/\/www.ikonorm.com\/index.php\/shop\/\",\"url\":\"https:\/\/www.ikonorm.com\/index.php\/shop\/\",\"name\":\"Productos\"}},{\"@type\":\"ListItem\",\"position\":3,\"item\":{\"@type\":\"WebPage\",\"@id\":\"https:\/\/www.ikonorm.com\/index.php\/producto\/astm-d2240-teste-standard-para-propriedade-da-borracha-dureza-duravel\/\",\"url\":\"https:\/\/www.ikonorm.com\/index.php\/producto\/astm-d2240-teste-standard-para-propriedade-da-borracha-dureza-duravel\/\",\"name\":\"ASTM D2240 teste standard para propriedade da borracha &#8211; dureza dur\\u00e1vel\"}}]}]}<\/script>\n<!-- \/ Yoast SEO plugin. -->","_links":{"self":[{"href":"https:\/\/www.ikonorm.com\/index.php\/wp-json\/wp\/v2\/product\/978","targetHints":{"allow":["GET"]}}],"collection":[{"href":"https:\/\/www.ikonorm.com\/index.php\/wp-json\/wp\/v2\/product"}],"about":[{"href":"https:\/\/www.ikonorm.com\/index.php\/wp-json\/wp\/v2\/types\/product"}],"replies":[{"embeddable":true,"href":"https:\/\/www.ikonorm.com\/index.php\/wp-json\/wp\/v2\/comments?post=978"}],"wp:featuredmedia":[{"embeddable":true,"href":"https:\/\/www.ikonorm.com\/index.php\/wp-json\/wp\/v2\/media\/194"}],"wp:attachment":[{"href":"https:\/\/www.ikonorm.com\/index.php\/wp-json\/wp\/v2\/media?parent=978"}],"curies":[{"name":"wp","href":"https:\/\/api.w.org\/{rel}","templated":true}]}}