{"id":960,"date":"2020-11-08T04:34:39","date_gmt":"2020-11-08T04:34:39","guid":{"rendered":"https:\/\/www.ikonorm.com\/?post_type=product&#038;p=960"},"modified":"2020-11-08T04:34:39","modified_gmt":"2020-11-08T04:34:39","slug":"teste-de-dureza-principios-e-aplicacoes","status":"publish","type":"product","link":"https:\/\/www.ikonorm.com\/index.php\/producto\/teste-de-dureza-principios-e-aplicacoes\/","title":{"rendered":"Teste de dureza: Princ\u00edpios e aplica\u00e7\u00f5es"},"content":{"rendered":"","protected":false},"excerpt":{"rendered":"<p>mostra desenvolvimentos t\u00e9cnicos tais como a introdu\u00e7\u00e3o do processamento de imagens nos m\u00e9todos Brinell e Vickers, a adapta\u00e7\u00e3o de m\u00e1quinas de teste de dureza \u00e0s condi\u00e7\u00f5es de teste orientadas para o processo, e mostra m\u00e9todos de calibra\u00e7\u00e3o precisos.<\/p>\n","protected":false},"featured_media":388,"comment_status":"open","ping_status":"closed","template":"","meta":{"_monsterinsights_skip_tracking":false,"_monsterinsights_sitenote_active":false,"_monsterinsights_sitenote_note":"","_monsterinsights_sitenote_category":0},"class_list":["post-960","product","type-product","status-publish","has-post-thumbnail","hentry","product_cat-ensaios-livros-e-guias","product_cat-livros-e-guias","col-xs-6 col-sm-4","col-mf-5","un--cols"],"yoast_head":"<!-- This site is optimized with the Yoast SEO plugin v15.9.2 - https:\/\/yoast.com\/wordpress\/plugins\/seo\/ -->\n<title>Teste de dureza: Princ\u00edpios e aplica\u00e7\u00f5es - Tienda de normas e informaci\u00f3n t\u00e9cnica- IKONORM<\/title>\n<link rel=\"canonical\" href=\"https:\/\/www.ikonorm.com\/index.php\/producto\/teste-de-dureza-principios-e-aplicacoes\/\" \/>\n<meta property=\"og:locale\" content=\"es_ES\" \/>\n<meta property=\"og:type\" content=\"article\" \/>\n<meta property=\"og:title\" content=\"Teste de dureza: Princ\u00edpios e aplica\u00e7\u00f5es - Tienda de normas e informaci\u00f3n t\u00e9cnica- IKONORM\" \/>\n<meta property=\"og:description\" content=\"mostra desenvolvimentos t\u00e9cnicos tais como a introdu\u00e7\u00e3o do processamento de imagens nos m\u00e9todos Brinell e Vickers, a adapta\u00e7\u00e3o de m\u00e1quinas de teste de dureza \u00e0s condi\u00e7\u00f5es de teste orientadas para o processo, e mostra m\u00e9todos de calibra\u00e7\u00e3o precisos.\" \/>\n<meta property=\"og:url\" content=\"https:\/\/www.ikonorm.com\/index.php\/producto\/teste-de-dureza-principios-e-aplicacoes\/\" \/>\n<meta property=\"og:site_name\" content=\"Tienda de normas e informaci\u00f3n t\u00e9cnica- IKONORM\" \/>\n<meta property=\"og:image\" content=\"https:\/\/www.ikonorm.com\/wp-content\/uploads\/2020\/05\/433x449-LIBROS-Hardness-Testing-Principles-and-Applications-IKONORM.jpg\" \/>\n\t<meta property=\"og:image:width\" content=\"433\" \/>\n\t<meta property=\"og:image:height\" content=\"449\" \/>\n<meta name=\"twitter:card\" content=\"summary_large_image\" \/>\n<script type=\"application\/ld+json\" class=\"yoast-schema-graph\">{\"@context\":\"https:\/\/schema.org\",\"@graph\":[{\"@type\":\"WebSite\",\"@id\":\"https:\/\/www.ikonorm.com\/#website\",\"url\":\"https:\/\/www.ikonorm.com\/\",\"name\":\"Tienda de normas e informaci\\u00f3n t\\u00e9cnica- IKONORM\",\"description\":\"\",\"potentialAction\":[{\"@type\":\"SearchAction\",\"target\":\"https:\/\/www.ikonorm.com\/?s={search_term_string}\",\"query-input\":\"required name=search_term_string\"}],\"inLanguage\":\"es\"},{\"@type\":\"ImageObject\",\"@id\":\"https:\/\/www.ikonorm.com\/index.php\/producto\/teste-de-dureza-principios-e-aplicacoes\/#primaryimage\",\"inLanguage\":\"es\",\"url\":\"https:\/\/www.ikonorm.com\/wp-content\/uploads\/2020\/05\/433x449-LIBROS-Hardness-Testing-Principles-and-Applications-IKONORM.jpg\",\"width\":433,\"height\":449},{\"@type\":\"WebPage\",\"@id\":\"https:\/\/www.ikonorm.com\/index.php\/producto\/teste-de-dureza-principios-e-aplicacoes\/#webpage\",\"url\":\"https:\/\/www.ikonorm.com\/index.php\/producto\/teste-de-dureza-principios-e-aplicacoes\/\",\"name\":\"Teste de dureza: Princ\\u00edpios e aplica\\u00e7\\u00f5es - Tienda de normas e informaci\\u00f3n t\\u00e9cnica- IKONORM\",\"isPartOf\":{\"@id\":\"https:\/\/www.ikonorm.com\/#website\"},\"primaryImageOfPage\":{\"@id\":\"https:\/\/www.ikonorm.com\/index.php\/producto\/teste-de-dureza-principios-e-aplicacoes\/#primaryimage\"},\"datePublished\":\"2020-11-08T04:34:39+00:00\",\"dateModified\":\"2020-11-08T04:34:39+00:00\",\"breadcrumb\":{\"@id\":\"https:\/\/www.ikonorm.com\/index.php\/producto\/teste-de-dureza-principios-e-aplicacoes\/#breadcrumb\"},\"inLanguage\":\"es\",\"potentialAction\":[{\"@type\":\"ReadAction\",\"target\":[\"https:\/\/www.ikonorm.com\/index.php\/producto\/teste-de-dureza-principios-e-aplicacoes\/\"]}]},{\"@type\":\"BreadcrumbList\",\"@id\":\"https:\/\/www.ikonorm.com\/index.php\/producto\/teste-de-dureza-principios-e-aplicacoes\/#breadcrumb\",\"itemListElement\":[{\"@type\":\"ListItem\",\"position\":1,\"item\":{\"@type\":\"WebPage\",\"@id\":\"https:\/\/www.ikonorm.com\/\",\"url\":\"https:\/\/www.ikonorm.com\/\",\"name\":\"Portada\"}},{\"@type\":\"ListItem\",\"position\":2,\"item\":{\"@type\":\"WebPage\",\"@id\":\"https:\/\/www.ikonorm.com\/index.php\/shop\/\",\"url\":\"https:\/\/www.ikonorm.com\/index.php\/shop\/\",\"name\":\"Productos\"}},{\"@type\":\"ListItem\",\"position\":3,\"item\":{\"@type\":\"WebPage\",\"@id\":\"https:\/\/www.ikonorm.com\/index.php\/producto\/teste-de-dureza-principios-e-aplicacoes\/\",\"url\":\"https:\/\/www.ikonorm.com\/index.php\/producto\/teste-de-dureza-principios-e-aplicacoes\/\",\"name\":\"Teste de dureza: Princ\\u00edpios e aplica\\u00e7\\u00f5es\"}}]}]}<\/script>\n<!-- \/ Yoast SEO plugin. -->","_links":{"self":[{"href":"https:\/\/www.ikonorm.com\/index.php\/wp-json\/wp\/v2\/product\/960","targetHints":{"allow":["GET"]}}],"collection":[{"href":"https:\/\/www.ikonorm.com\/index.php\/wp-json\/wp\/v2\/product"}],"about":[{"href":"https:\/\/www.ikonorm.com\/index.php\/wp-json\/wp\/v2\/types\/product"}],"replies":[{"embeddable":true,"href":"https:\/\/www.ikonorm.com\/index.php\/wp-json\/wp\/v2\/comments?post=960"}],"wp:featuredmedia":[{"embeddable":true,"href":"https:\/\/www.ikonorm.com\/index.php\/wp-json\/wp\/v2\/media\/388"}],"wp:attachment":[{"href":"https:\/\/www.ikonorm.com\/index.php\/wp-json\/wp\/v2\/media?parent=960"}],"curies":[{"name":"wp","href":"https:\/\/api.w.org\/{rel}","templated":true}]}}