{"id":932,"date":"2020-11-08T02:32:10","date_gmt":"2020-11-08T02:32:10","guid":{"rendered":"https:\/\/www.ikonorm.com\/?post_type=product&#038;p=932"},"modified":"2020-12-28T00:45:41","modified_gmt":"2020-12-28T00:45:41","slug":"design-and-manufacture-of-composite-structures-projeto-e-fabricacao-de-estruturas-compostas","status":"publish","type":"product","link":"https:\/\/www.ikonorm.com\/index.php\/producto\/design-and-manufacture-of-composite-structures-projeto-e-fabricacao-de-estruturas-compostas\/","title":{"rendered":"Design and Manufacture of Composite Structures  Projeto e fabrica\u00e7\u00e3o de estruturas compostas."},"content":{"rendered":"","protected":false},"excerpt":{"rendered":"<p>Um livro pr\u00e1tico de valor para quem atua nos setores automotivo, qu\u00edmico, aeroespacial e offshore. Est\u00e3o inclu\u00eddos estudos de caso e, al\u00e9m de cobrir sistemas de fabrica\u00e7\u00e3o flex\u00edveis e avalia\u00e7\u00f5es n\u00e3o destrutivas, o autor analisa comp\u00f3sitos de matriz met\u00e1lica e comp\u00f3sitos de matriz cer\u00e2mica.<\/p>\n","protected":false},"featured_media":355,"comment_status":"open","ping_status":"closed","template":"","meta":{"_monsterinsights_skip_tracking":false,"_monsterinsights_sitenote_active":false,"_monsterinsights_sitenote_note":"","_monsterinsights_sitenote_category":0},"class_list":["post-932","product","type-product","status-publish","has-post-thumbnail","hentry","product_cat-livros-e-guias","product_cat-materiais-livros-e-guias","col-xs-6 col-sm-4","col-mf-5","un--cols"],"yoast_head":"<!-- This site is optimized with the Yoast SEO plugin v15.9.2 - https:\/\/yoast.com\/wordpress\/plugins\/seo\/ -->\n<title>Design and Manufacture of Composite Structures Projeto e fabrica\u00e7\u00e3o de estruturas compostas. - Tienda de normas e informaci\u00f3n t\u00e9cnica- IKONORM<\/title>\n<link rel=\"canonical\" href=\"https:\/\/www.ikonorm.com\/index.php\/producto\/design-and-manufacture-of-composite-structures-projeto-e-fabricacao-de-estruturas-compostas\/\" \/>\n<meta property=\"og:locale\" content=\"es_ES\" \/>\n<meta property=\"og:type\" content=\"article\" \/>\n<meta property=\"og:title\" content=\"Design and Manufacture of Composite Structures Projeto e fabrica\u00e7\u00e3o de estruturas compostas. - Tienda de normas e informaci\u00f3n t\u00e9cnica- IKONORM\" \/>\n<meta property=\"og:description\" content=\"Um livro pr\u00e1tico de valor para quem atua nos setores automotivo, qu\u00edmico, aeroespacial e offshore. Est\u00e3o inclu\u00eddos estudos de caso e, al\u00e9m de cobrir sistemas de fabrica\u00e7\u00e3o flex\u00edveis e avalia\u00e7\u00f5es n\u00e3o destrutivas, o autor analisa comp\u00f3sitos de matriz met\u00e1lica e comp\u00f3sitos de matriz cer\u00e2mica.\" \/>\n<meta property=\"og:url\" content=\"https:\/\/www.ikonorm.com\/index.php\/producto\/design-and-manufacture-of-composite-structures-projeto-e-fabricacao-de-estruturas-compostas\/\" \/>\n<meta property=\"og:site_name\" content=\"Tienda de normas e informaci\u00f3n t\u00e9cnica- IKONORM\" \/>\n<meta property=\"article:modified_time\" content=\"2020-12-28T00:45:41+00:00\" \/>\n<meta property=\"og:image\" content=\"https:\/\/www.ikonorm.com\/wp-content\/uploads\/2020\/05\/433x449-LIBROS-Design-Manufacture-Composite-Structures-IKONORM.jpg\" \/>\n\t<meta property=\"og:image:width\" content=\"433\" \/>\n\t<meta property=\"og:image:height\" content=\"449\" \/>\n<meta name=\"twitter:card\" content=\"summary_large_image\" \/>\n<script type=\"application\/ld+json\" class=\"yoast-schema-graph\">{\"@context\":\"https:\/\/schema.org\",\"@graph\":[{\"@type\":\"WebSite\",\"@id\":\"https:\/\/www.ikonorm.com\/#website\",\"url\":\"https:\/\/www.ikonorm.com\/\",\"name\":\"Tienda de normas e informaci\\u00f3n t\\u00e9cnica- IKONORM\",\"description\":\"\",\"potentialAction\":[{\"@type\":\"SearchAction\",\"target\":\"https:\/\/www.ikonorm.com\/?s={search_term_string}\",\"query-input\":\"required name=search_term_string\"}],\"inLanguage\":\"es\"},{\"@type\":\"ImageObject\",\"@id\":\"https:\/\/www.ikonorm.com\/index.php\/producto\/design-and-manufacture-of-composite-structures-projeto-e-fabricacao-de-estruturas-compostas\/#primaryimage\",\"inLanguage\":\"es\",\"url\":\"https:\/\/www.ikonorm.com\/wp-content\/uploads\/2020\/05\/433x449-LIBROS-Design-Manufacture-Composite-Structures-IKONORM.jpg\",\"width\":433,\"height\":449},{\"@type\":\"WebPage\",\"@id\":\"https:\/\/www.ikonorm.com\/index.php\/producto\/design-and-manufacture-of-composite-structures-projeto-e-fabricacao-de-estruturas-compostas\/#webpage\",\"url\":\"https:\/\/www.ikonorm.com\/index.php\/producto\/design-and-manufacture-of-composite-structures-projeto-e-fabricacao-de-estruturas-compostas\/\",\"name\":\"Design and Manufacture of Composite Structures Projeto e fabrica\\u00e7\\u00e3o de estruturas compostas. - Tienda de normas e informaci\\u00f3n t\\u00e9cnica- IKONORM\",\"isPartOf\":{\"@id\":\"https:\/\/www.ikonorm.com\/#website\"},\"primaryImageOfPage\":{\"@id\":\"https:\/\/www.ikonorm.com\/index.php\/producto\/design-and-manufacture-of-composite-structures-projeto-e-fabricacao-de-estruturas-compostas\/#primaryimage\"},\"datePublished\":\"2020-11-08T02:32:10+00:00\",\"dateModified\":\"2020-12-28T00:45:41+00:00\",\"breadcrumb\":{\"@id\":\"https:\/\/www.ikonorm.com\/index.php\/producto\/design-and-manufacture-of-composite-structures-projeto-e-fabricacao-de-estruturas-compostas\/#breadcrumb\"},\"inLanguage\":\"es\",\"potentialAction\":[{\"@type\":\"ReadAction\",\"target\":[\"https:\/\/www.ikonorm.com\/index.php\/producto\/design-and-manufacture-of-composite-structures-projeto-e-fabricacao-de-estruturas-compostas\/\"]}]},{\"@type\":\"BreadcrumbList\",\"@id\":\"https:\/\/www.ikonorm.com\/index.php\/producto\/design-and-manufacture-of-composite-structures-projeto-e-fabricacao-de-estruturas-compostas\/#breadcrumb\",\"itemListElement\":[{\"@type\":\"ListItem\",\"position\":1,\"item\":{\"@type\":\"WebPage\",\"@id\":\"https:\/\/www.ikonorm.com\/\",\"url\":\"https:\/\/www.ikonorm.com\/\",\"name\":\"Portada\"}},{\"@type\":\"ListItem\",\"position\":2,\"item\":{\"@type\":\"WebPage\",\"@id\":\"https:\/\/www.ikonorm.com\/index.php\/shop\/\",\"url\":\"https:\/\/www.ikonorm.com\/index.php\/shop\/\",\"name\":\"Productos\"}},{\"@type\":\"ListItem\",\"position\":3,\"item\":{\"@type\":\"WebPage\",\"@id\":\"https:\/\/www.ikonorm.com\/index.php\/producto\/design-and-manufacture-of-composite-structures-projeto-e-fabricacao-de-estruturas-compostas\/\",\"url\":\"https:\/\/www.ikonorm.com\/index.php\/producto\/design-and-manufacture-of-composite-structures-projeto-e-fabricacao-de-estruturas-compostas\/\",\"name\":\"Design and Manufacture of Composite Structures Projeto e fabrica\\u00e7\\u00e3o de estruturas compostas.\"}}]}]}<\/script>\n<!-- \/ Yoast SEO plugin. -->","_links":{"self":[{"href":"https:\/\/www.ikonorm.com\/index.php\/wp-json\/wp\/v2\/product\/932","targetHints":{"allow":["GET"]}}],"collection":[{"href":"https:\/\/www.ikonorm.com\/index.php\/wp-json\/wp\/v2\/product"}],"about":[{"href":"https:\/\/www.ikonorm.com\/index.php\/wp-json\/wp\/v2\/types\/product"}],"replies":[{"embeddable":true,"href":"https:\/\/www.ikonorm.com\/index.php\/wp-json\/wp\/v2\/comments?post=932"}],"wp:featuredmedia":[{"embeddable":true,"href":"https:\/\/www.ikonorm.com\/index.php\/wp-json\/wp\/v2\/media\/355"}],"wp:attachment":[{"href":"https:\/\/www.ikonorm.com\/index.php\/wp-json\/wp\/v2\/media?parent=932"}],"curies":[{"name":"wp","href":"https:\/\/api.w.org\/{rel}","templated":true}]}}