{"id":313,"date":"2020-05-12T16:13:58","date_gmt":"2020-05-12T16:13:58","guid":{"rendered":"https:\/\/www.ikonorm.com\/?post_type=product&#038;p=313"},"modified":"2026-04-09T07:07:52","modified_gmt":"2026-04-09T07:07:52","slug":"aplicacion-de-los-codigos-asme-tuberias-de-planta-y-recipientes-a-presion","status":"publish","type":"product","link":"https:\/\/www.ikonorm.com\/index.php\/producto\/aplicacion-de-los-codigos-asme-tuberias-de-planta-y-recipientes-a-presion\/","title":{"rendered":"Aplicaci\u00f3n de los c\u00f3digos ASME: Tuber\u00edas de planta y recipientes a presi\u00f3n"},"content":{"rendered":"<p>Applying the ASME Codes: Plant Piping &amp; Pressure Vessels Aplicaci\u00f3n de los c\u00f3digos ASME: Tuber\u00edas de planta y recipientes a presi\u00f3n<\/p>\n<p>Este libro proporciona los beneficios esenciales de la instrucci\u00f3n por parte de un mentor personal que explica \u00abpor qu\u00e9\u00bb y \u00abc\u00f3mo\u00bb mientras ense\u00f1a lecciones potencialmente peligrosas en f\u00edsica y dise\u00f1o de ingenier\u00eda.\\<\/p>\n<p>Autor: James A. Wingate Fecha: 2007 Editorial: ASME Idioma: ingl\u00e9s ISBN:9780791802557<\/p>\n","protected":false},"excerpt":{"rendered":"<p>Este libro proporciona los beneficios esenciales de la instrucci\u00f3n por parte de un mentor personal que explica \u00abpor qu\u00e9\u00bb y \u00abc\u00f3mo\u00bb mientras ense\u00f1a lecciones potencialmente peligrosas en f\u00edsica y dise\u00f1o de ingenier\u00eda.<\/p>\n","protected":false},"featured_media":314,"comment_status":"open","ping_status":"closed","template":"","meta":{"_monsterinsights_skip_tracking":false,"_monsterinsights_sitenote_active":false,"_monsterinsights_sitenote_note":"","_monsterinsights_sitenote_category":0},"class_list":["post-313","product","type-product","status-publish","has-post-thumbnail","hentry","product_cat-libros-y-guias","product_cat-recipientes-presion","col-xs-6 col-sm-4","col-mf-5","un--cols"],"yoast_head":"<!-- This site is optimized with the Yoast SEO plugin v15.9.2 - https:\/\/yoast.com\/wordpress\/plugins\/seo\/ -->\n<title>Aplicaci\u00f3n de los c\u00f3digos ASME: Tuber\u00edas de planta y recipientes a presi\u00f3n - Tienda de normas e informaci\u00f3n t\u00e9cnica- IKONORM<\/title>\n<link rel=\"canonical\" href=\"https:\/\/www.ikonorm.com\/index.php\/producto\/aplicacion-de-los-codigos-asme-tuberias-de-planta-y-recipientes-a-presion\/\" \/>\n<meta property=\"og:locale\" content=\"es_ES\" \/>\n<meta property=\"og:type\" content=\"article\" \/>\n<meta property=\"og:title\" content=\"Aplicaci\u00f3n de los c\u00f3digos ASME: Tuber\u00edas de planta y recipientes a presi\u00f3n - Tienda de normas e informaci\u00f3n t\u00e9cnica- IKONORM\" \/>\n<meta property=\"og:description\" content=\"Este libro proporciona los beneficios esenciales de la instrucci\u00f3n por parte de un mentor personal que explica &quot;por qu\u00e9&quot; y &quot;c\u00f3mo&quot; mientras ense\u00f1a lecciones potencialmente peligrosas en f\u00edsica y dise\u00f1o de ingenier\u00eda.\" \/>\n<meta property=\"og:url\" content=\"https:\/\/www.ikonorm.com\/index.php\/producto\/aplicacion-de-los-codigos-asme-tuberias-de-planta-y-recipientes-a-presion\/\" \/>\n<meta property=\"og:site_name\" content=\"Tienda de normas e informaci\u00f3n t\u00e9cnica- IKONORM\" \/>\n<meta property=\"article:modified_time\" content=\"2026-04-09T07:07:52+00:00\" \/>\n<meta property=\"og:image\" content=\"https:\/\/www.ikonorm.com\/wp-content\/uploads\/2020\/05\/433x449-LIBROS-Applying-the-ASME-Codes-IKONORM.jpg\" \/>\n\t<meta property=\"og:image:width\" content=\"433\" \/>\n\t<meta property=\"og:image:height\" content=\"449\" \/>\n<meta name=\"twitter:card\" content=\"summary_large_image\" \/>\n<script type=\"application\/ld+json\" class=\"yoast-schema-graph\">{\"@context\":\"https:\/\/schema.org\",\"@graph\":[{\"@type\":\"WebSite\",\"@id\":\"https:\/\/www.ikonorm.com\/#website\",\"url\":\"https:\/\/www.ikonorm.com\/\",\"name\":\"Tienda de normas e informaci\\u00f3n t\\u00e9cnica- IKONORM\",\"description\":\"\",\"potentialAction\":[{\"@type\":\"SearchAction\",\"target\":\"https:\/\/www.ikonorm.com\/?s={search_term_string}\",\"query-input\":\"required name=search_term_string\"}],\"inLanguage\":\"es\"},{\"@type\":\"ImageObject\",\"@id\":\"https:\/\/www.ikonorm.com\/index.php\/producto\/aplicacion-de-los-codigos-asme-tuberias-de-planta-y-recipientes-a-presion\/#primaryimage\",\"inLanguage\":\"es\",\"url\":\"https:\/\/www.ikonorm.com\/wp-content\/uploads\/2020\/05\/433x449-LIBROS-Applying-the-ASME-Codes-IKONORM.jpg\",\"width\":433,\"height\":449},{\"@type\":\"WebPage\",\"@id\":\"https:\/\/www.ikonorm.com\/index.php\/producto\/aplicacion-de-los-codigos-asme-tuberias-de-planta-y-recipientes-a-presion\/#webpage\",\"url\":\"https:\/\/www.ikonorm.com\/index.php\/producto\/aplicacion-de-los-codigos-asme-tuberias-de-planta-y-recipientes-a-presion\/\",\"name\":\"Aplicaci\\u00f3n de los c\\u00f3digos ASME: Tuber\\u00edas de planta y recipientes a presi\\u00f3n - Tienda de normas e informaci\\u00f3n t\\u00e9cnica- IKONORM\",\"isPartOf\":{\"@id\":\"https:\/\/www.ikonorm.com\/#website\"},\"primaryImageOfPage\":{\"@id\":\"https:\/\/www.ikonorm.com\/index.php\/producto\/aplicacion-de-los-codigos-asme-tuberias-de-planta-y-recipientes-a-presion\/#primaryimage\"},\"datePublished\":\"2020-05-12T16:13:58+00:00\",\"dateModified\":\"2026-04-09T07:07:52+00:00\",\"breadcrumb\":{\"@id\":\"https:\/\/www.ikonorm.com\/index.php\/producto\/aplicacion-de-los-codigos-asme-tuberias-de-planta-y-recipientes-a-presion\/#breadcrumb\"},\"inLanguage\":\"es\",\"potentialAction\":[{\"@type\":\"ReadAction\",\"target\":[\"https:\/\/www.ikonorm.com\/index.php\/producto\/aplicacion-de-los-codigos-asme-tuberias-de-planta-y-recipientes-a-presion\/\"]}]},{\"@type\":\"BreadcrumbList\",\"@id\":\"https:\/\/www.ikonorm.com\/index.php\/producto\/aplicacion-de-los-codigos-asme-tuberias-de-planta-y-recipientes-a-presion\/#breadcrumb\",\"itemListElement\":[{\"@type\":\"ListItem\",\"position\":1,\"item\":{\"@type\":\"WebPage\",\"@id\":\"https:\/\/www.ikonorm.com\/\",\"url\":\"https:\/\/www.ikonorm.com\/\",\"name\":\"Portada\"}},{\"@type\":\"ListItem\",\"position\":2,\"item\":{\"@type\":\"WebPage\",\"@id\":\"https:\/\/www.ikonorm.com\/index.php\/shop\/\",\"url\":\"https:\/\/www.ikonorm.com\/index.php\/shop\/\",\"name\":\"Productos\"}},{\"@type\":\"ListItem\",\"position\":3,\"item\":{\"@type\":\"WebPage\",\"@id\":\"https:\/\/www.ikonorm.com\/index.php\/producto\/aplicacion-de-los-codigos-asme-tuberias-de-planta-y-recipientes-a-presion\/\",\"url\":\"https:\/\/www.ikonorm.com\/index.php\/producto\/aplicacion-de-los-codigos-asme-tuberias-de-planta-y-recipientes-a-presion\/\",\"name\":\"Aplicaci\\u00f3n de los c\\u00f3digos ASME: Tuber\\u00edas de planta y recipientes a presi\\u00f3n\"}}]}]}<\/script>\n<!-- \/ Yoast SEO plugin. -->","_links":{"self":[{"href":"https:\/\/www.ikonorm.com\/index.php\/wp-json\/wp\/v2\/product\/313","targetHints":{"allow":["GET"]}}],"collection":[{"href":"https:\/\/www.ikonorm.com\/index.php\/wp-json\/wp\/v2\/product"}],"about":[{"href":"https:\/\/www.ikonorm.com\/index.php\/wp-json\/wp\/v2\/types\/product"}],"replies":[{"embeddable":true,"href":"https:\/\/www.ikonorm.com\/index.php\/wp-json\/wp\/v2\/comments?post=313"}],"wp:featuredmedia":[{"embeddable":true,"href":"https:\/\/www.ikonorm.com\/index.php\/wp-json\/wp\/v2\/media\/314"}],"wp:attachment":[{"href":"https:\/\/www.ikonorm.com\/index.php\/wp-json\/wp\/v2\/media?parent=313"}],"curies":[{"name":"wp","href":"https:\/\/api.w.org\/{rel}","templated":true}]}}