{"id":215,"date":"2020-05-11T22:02:07","date_gmt":"2020-05-11T22:02:07","guid":{"rendered":"https:\/\/www.ikonorm.com\/?post_type=product&#038;p=215"},"modified":"2026-04-09T07:08:56","modified_gmt":"2026-04-09T07:08:56","slug":"asme-bpvc-v-codigo-asme-bpvc-v-2019-ensayos-no-destructivo","status":"publish","type":"product","link":"https:\/\/www.ikonorm.com\/index.php\/producto\/asme-bpvc-v-codigo-asme-bpvc-v-2019-ensayos-no-destructivo\/","title":{"rendered":"ASME BPVC-V C\u00d3DIGO ASME BPVC.V-2019 ENSAYOS NO DESTRUCTIVO"},"content":{"rendered":"<p>ENSAYOS NO DESTRUCTIVO C\u00d3DIGO ASME CALDERAS Y RECIPIENTES A PRESI\u00d3N 2019 SECCI\u00d3N-V ENSAYOS NO DESTRUCTIVO<\/p>\n<p>Esta secci\u00f3n contiene requisitos y m\u00e9todos para ensayos no destructivo que son referenciados y requeridos por otras Secciones del c\u00f3digo ame BPVC Esta secci\u00f3n del c\u00f3digo asme bpvc edici\u00f3n 2019 contiene requisitos y m\u00e9todos para ensayos no destructivo que son referenciados y requeridos por otras Secciones del c\u00f3digo ame BPVC.<\/p>\n<p>fecha: 2017 Publicado por: ASME International (ASME) Idioma: ingl\u00e9s p\u00e1ginas: 923 formato: impreso<\/p>\n<p>&nbsp;<\/p>\n","protected":false},"excerpt":{"rendered":"<p>Esta secci\u00f3n contiene requisitos y m\u00e9todos para ensayos no destructivo que son referenciados y requeridos por otras Secciones del c\u00f3digo ame BPVC Esta secci\u00f3n del c\u00f3digo asme bpvc edici\u00f3n 2019 contiene requisitos y m\u00e9todos para ensayos no destructivo que son referenciados y requeridos por otras Secciones del c\u00f3digo ame BPVC<\/p>\n","protected":false},"featured_media":497,"comment_status":"open","ping_status":"closed","template":"","meta":{"_monsterinsights_skip_tracking":false,"_monsterinsights_sitenote_active":false,"_monsterinsights_sitenote_note":"","_monsterinsights_sitenote_category":0},"class_list":["post-215","product","type-product","status-publish","has-post-thumbnail","hentry","product_cat-ensayos-manuales","product_cat-manuales","col-xs-6 col-sm-4","col-mf-5","un--cols"],"yoast_head":"<!-- This site is optimized with the Yoast SEO plugin v15.9.2 - https:\/\/yoast.com\/wordpress\/plugins\/seo\/ -->\n<title>ASME BPVC-V C\u00d3DIGO ASME BPVC.V-2019 ENSAYOS NO DESTRUCTIVO - Tienda de normas e informaci\u00f3n t\u00e9cnica- IKONORM<\/title>\n<link rel=\"canonical\" href=\"https:\/\/www.ikonorm.com\/index.php\/producto\/asme-bpvc-v-codigo-asme-bpvc-v-2019-ensayos-no-destructivo\/\" \/>\n<meta property=\"og:locale\" content=\"es_ES\" \/>\n<meta property=\"og:type\" content=\"article\" \/>\n<meta property=\"og:title\" content=\"ASME BPVC-V C\u00d3DIGO ASME BPVC.V-2019 ENSAYOS NO DESTRUCTIVO - Tienda de normas e informaci\u00f3n t\u00e9cnica- IKONORM\" \/>\n<meta property=\"og:description\" content=\"Esta secci\u00f3n contiene requisitos y m\u00e9todos para ensayos no destructivo que son referenciados y requeridos por otras Secciones del c\u00f3digo ame BPVC Esta secci\u00f3n del c\u00f3digo asme bpvc edici\u00f3n 2019 contiene requisitos y m\u00e9todos para ensayos no destructivo que son referenciados y requeridos por otras Secciones del c\u00f3digo ame BPVC\" \/>\n<meta property=\"og:url\" content=\"https:\/\/www.ikonorm.com\/index.php\/producto\/asme-bpvc-v-codigo-asme-bpvc-v-2019-ensayos-no-destructivo\/\" \/>\n<meta property=\"og:site_name\" content=\"Tienda de normas e informaci\u00f3n t\u00e9cnica- IKONORM\" \/>\n<meta property=\"article:modified_time\" content=\"2026-04-09T07:08:56+00:00\" \/>\n<meta property=\"og:image\" content=\"https:\/\/www.ikonorm.com\/wp-content\/uploads\/2020\/05\/433x449-NORMAS-ASME-BPVC-V-IKONORM-1.jpg\" \/>\n\t<meta property=\"og:image:width\" content=\"433\" \/>\n\t<meta property=\"og:image:height\" content=\"449\" \/>\n<meta name=\"twitter:card\" content=\"summary_large_image\" \/>\n<script type=\"application\/ld+json\" class=\"yoast-schema-graph\">{\"@context\":\"https:\/\/schema.org\",\"@graph\":[{\"@type\":\"WebSite\",\"@id\":\"https:\/\/www.ikonorm.com\/#website\",\"url\":\"https:\/\/www.ikonorm.com\/\",\"name\":\"Tienda de normas e informaci\\u00f3n t\\u00e9cnica- IKONORM\",\"description\":\"\",\"potentialAction\":[{\"@type\":\"SearchAction\",\"target\":\"https:\/\/www.ikonorm.com\/?s={search_term_string}\",\"query-input\":\"required name=search_term_string\"}],\"inLanguage\":\"es\"},{\"@type\":\"ImageObject\",\"@id\":\"https:\/\/www.ikonorm.com\/index.php\/producto\/asme-bpvc-v-codigo-asme-bpvc-v-2019-ensayos-no-destructivo\/#primaryimage\",\"inLanguage\":\"es\",\"url\":\"https:\/\/www.ikonorm.com\/wp-content\/uploads\/2020\/05\/433x449-NORMAS-ASME-BPVC-V-IKONORM-1.jpg\",\"width\":433,\"height\":449},{\"@type\":\"WebPage\",\"@id\":\"https:\/\/www.ikonorm.com\/index.php\/producto\/asme-bpvc-v-codigo-asme-bpvc-v-2019-ensayos-no-destructivo\/#webpage\",\"url\":\"https:\/\/www.ikonorm.com\/index.php\/producto\/asme-bpvc-v-codigo-asme-bpvc-v-2019-ensayos-no-destructivo\/\",\"name\":\"ASME BPVC-V C\\u00d3DIGO ASME BPVC.V-2019 ENSAYOS NO DESTRUCTIVO - Tienda de normas e informaci\\u00f3n t\\u00e9cnica- IKONORM\",\"isPartOf\":{\"@id\":\"https:\/\/www.ikonorm.com\/#website\"},\"primaryImageOfPage\":{\"@id\":\"https:\/\/www.ikonorm.com\/index.php\/producto\/asme-bpvc-v-codigo-asme-bpvc-v-2019-ensayos-no-destructivo\/#primaryimage\"},\"datePublished\":\"2020-05-11T22:02:07+00:00\",\"dateModified\":\"2026-04-09T07:08:56+00:00\",\"breadcrumb\":{\"@id\":\"https:\/\/www.ikonorm.com\/index.php\/producto\/asme-bpvc-v-codigo-asme-bpvc-v-2019-ensayos-no-destructivo\/#breadcrumb\"},\"inLanguage\":\"es\",\"potentialAction\":[{\"@type\":\"ReadAction\",\"target\":[\"https:\/\/www.ikonorm.com\/index.php\/producto\/asme-bpvc-v-codigo-asme-bpvc-v-2019-ensayos-no-destructivo\/\"]}]},{\"@type\":\"BreadcrumbList\",\"@id\":\"https:\/\/www.ikonorm.com\/index.php\/producto\/asme-bpvc-v-codigo-asme-bpvc-v-2019-ensayos-no-destructivo\/#breadcrumb\",\"itemListElement\":[{\"@type\":\"ListItem\",\"position\":1,\"item\":{\"@type\":\"WebPage\",\"@id\":\"https:\/\/www.ikonorm.com\/\",\"url\":\"https:\/\/www.ikonorm.com\/\",\"name\":\"Portada\"}},{\"@type\":\"ListItem\",\"position\":2,\"item\":{\"@type\":\"WebPage\",\"@id\":\"https:\/\/www.ikonorm.com\/index.php\/shop\/\",\"url\":\"https:\/\/www.ikonorm.com\/index.php\/shop\/\",\"name\":\"Productos\"}},{\"@type\":\"ListItem\",\"position\":3,\"item\":{\"@type\":\"WebPage\",\"@id\":\"https:\/\/www.ikonorm.com\/index.php\/producto\/asme-bpvc-v-codigo-asme-bpvc-v-2019-ensayos-no-destructivo\/\",\"url\":\"https:\/\/www.ikonorm.com\/index.php\/producto\/asme-bpvc-v-codigo-asme-bpvc-v-2019-ensayos-no-destructivo\/\",\"name\":\"ASME BPVC-V C\\u00d3DIGO ASME BPVC.V-2019 ENSAYOS NO DESTRUCTIVO\"}}]}]}<\/script>\n<!-- \/ Yoast SEO plugin. -->","_links":{"self":[{"href":"https:\/\/www.ikonorm.com\/index.php\/wp-json\/wp\/v2\/product\/215","targetHints":{"allow":["GET"]}}],"collection":[{"href":"https:\/\/www.ikonorm.com\/index.php\/wp-json\/wp\/v2\/product"}],"about":[{"href":"https:\/\/www.ikonorm.com\/index.php\/wp-json\/wp\/v2\/types\/product"}],"replies":[{"embeddable":true,"href":"https:\/\/www.ikonorm.com\/index.php\/wp-json\/wp\/v2\/comments?post=215"}],"wp:featuredmedia":[{"embeddable":true,"href":"https:\/\/www.ikonorm.com\/index.php\/wp-json\/wp\/v2\/media\/497"}],"wp:attachment":[{"href":"https:\/\/www.ikonorm.com\/index.php\/wp-json\/wp\/v2\/media?parent=215"}],"curies":[{"name":"wp","href":"https:\/\/api.w.org\/{rel}","templated":true}]}}