{"id":213,"date":"2020-05-11T21:57:56","date_gmt":"2020-05-11T21:57:56","guid":{"rendered":"https:\/\/www.ikonorm.com\/?post_type=product&#038;p=213"},"modified":"2026-04-09T07:16:36","modified_gmt":"2026-04-09T07:16:36","slug":"qpl-ams2644-inspeccion-de-materiales","status":"publish","type":"product","link":"https:\/\/www.ikonorm.com\/index.php\/producto\/qpl-ams2644-inspeccion-de-materiales\/","title":{"rendered":"QPL-AMS2644 Inspecci\u00f3n de materiales"},"content":{"rendered":"<p>Inspecci\u00f3n de materiales: tintas penetrantes<\/p>\n<p>LISTA DE PRODUCTOS CALIFICADOS BAJO ESPECIFICACI\u00d3N DE RENDIMIENTO SAE-AMS2644.<\/p>\n<p>Fecha: 2018 publicado por: especificaciones militares y gubernamentales Publicaciones navales y Centro de formularios (NPFC) Idioma: ingl\u00e9s N\u00famero: 42 formato: impreso\/ PDF<\/p>\n","protected":false},"excerpt":{"rendered":"<p>LISTA DE PRODUCTOS CALIFICADOS BAJO ESPECIFICACI\u00d3N DE RENDIMIENTO SAE-AMS2644<\/p>\n","protected":false},"featured_media":214,"comment_status":"open","ping_status":"closed","template":"","meta":{"_monsterinsights_skip_tracking":false,"_monsterinsights_sitenote_active":false,"_monsterinsights_sitenote_note":"","_monsterinsights_sitenote_category":0},"class_list":["post-213","product","type-product","status-publish","has-post-thumbnail","hentry","product_cat-ensayos","product_cat-normas","col-xs-6 col-sm-4","col-mf-5","un--cols"],"yoast_head":"<!-- This site is optimized with the Yoast SEO plugin v15.9.2 - https:\/\/yoast.com\/wordpress\/plugins\/seo\/ -->\n<title>QPL-AMS2644 Inspecci\u00f3n de materiales - Tienda de normas e informaci\u00f3n t\u00e9cnica- IKONORM<\/title>\n<link rel=\"canonical\" href=\"https:\/\/www.ikonorm.com\/index.php\/producto\/qpl-ams2644-inspeccion-de-materiales\/\" \/>\n<meta property=\"og:locale\" content=\"es_ES\" \/>\n<meta property=\"og:type\" content=\"article\" \/>\n<meta property=\"og:title\" content=\"QPL-AMS2644 Inspecci\u00f3n de materiales - Tienda de normas e informaci\u00f3n t\u00e9cnica- IKONORM\" \/>\n<meta property=\"og:description\" content=\"LISTA DE PRODUCTOS CALIFICADOS BAJO ESPECIFICACI\u00d3N DE RENDIMIENTO SAE-AMS2644\" \/>\n<meta property=\"og:url\" content=\"https:\/\/www.ikonorm.com\/index.php\/producto\/qpl-ams2644-inspeccion-de-materiales\/\" \/>\n<meta property=\"og:site_name\" content=\"Tienda de normas e informaci\u00f3n t\u00e9cnica- IKONORM\" \/>\n<meta property=\"article:modified_time\" content=\"2026-04-09T07:16:36+00:00\" \/>\n<meta property=\"og:image\" content=\"https:\/\/www.ikonorm.com\/wp-content\/uploads\/2020\/05\/433x449-NORMAS-QPL-AMS2644-IKONORM.jpg\" \/>\n\t<meta property=\"og:image:width\" content=\"433\" \/>\n\t<meta property=\"og:image:height\" content=\"449\" \/>\n<meta name=\"twitter:card\" content=\"summary_large_image\" \/>\n<script type=\"application\/ld+json\" class=\"yoast-schema-graph\">{\"@context\":\"https:\/\/schema.org\",\"@graph\":[{\"@type\":\"WebSite\",\"@id\":\"https:\/\/www.ikonorm.com\/#website\",\"url\":\"https:\/\/www.ikonorm.com\/\",\"name\":\"Tienda de normas e informaci\\u00f3n t\\u00e9cnica- IKONORM\",\"description\":\"\",\"potentialAction\":[{\"@type\":\"SearchAction\",\"target\":\"https:\/\/www.ikonorm.com\/?s={search_term_string}\",\"query-input\":\"required name=search_term_string\"}],\"inLanguage\":\"es\"},{\"@type\":\"ImageObject\",\"@id\":\"https:\/\/www.ikonorm.com\/index.php\/producto\/qpl-ams2644-inspeccion-de-materiales\/#primaryimage\",\"inLanguage\":\"es\",\"url\":\"https:\/\/www.ikonorm.com\/wp-content\/uploads\/2020\/05\/433x449-NORMAS-QPL-AMS2644-IKONORM.jpg\",\"width\":433,\"height\":449},{\"@type\":\"WebPage\",\"@id\":\"https:\/\/www.ikonorm.com\/index.php\/producto\/qpl-ams2644-inspeccion-de-materiales\/#webpage\",\"url\":\"https:\/\/www.ikonorm.com\/index.php\/producto\/qpl-ams2644-inspeccion-de-materiales\/\",\"name\":\"QPL-AMS2644 Inspecci\\u00f3n de materiales - Tienda de normas e informaci\\u00f3n t\\u00e9cnica- IKONORM\",\"isPartOf\":{\"@id\":\"https:\/\/www.ikonorm.com\/#website\"},\"primaryImageOfPage\":{\"@id\":\"https:\/\/www.ikonorm.com\/index.php\/producto\/qpl-ams2644-inspeccion-de-materiales\/#primaryimage\"},\"datePublished\":\"2020-05-11T21:57:56+00:00\",\"dateModified\":\"2026-04-09T07:16:36+00:00\",\"breadcrumb\":{\"@id\":\"https:\/\/www.ikonorm.com\/index.php\/producto\/qpl-ams2644-inspeccion-de-materiales\/#breadcrumb\"},\"inLanguage\":\"es\",\"potentialAction\":[{\"@type\":\"ReadAction\",\"target\":[\"https:\/\/www.ikonorm.com\/index.php\/producto\/qpl-ams2644-inspeccion-de-materiales\/\"]}]},{\"@type\":\"BreadcrumbList\",\"@id\":\"https:\/\/www.ikonorm.com\/index.php\/producto\/qpl-ams2644-inspeccion-de-materiales\/#breadcrumb\",\"itemListElement\":[{\"@type\":\"ListItem\",\"position\":1,\"item\":{\"@type\":\"WebPage\",\"@id\":\"https:\/\/www.ikonorm.com\/\",\"url\":\"https:\/\/www.ikonorm.com\/\",\"name\":\"Portada\"}},{\"@type\":\"ListItem\",\"position\":2,\"item\":{\"@type\":\"WebPage\",\"@id\":\"https:\/\/www.ikonorm.com\/index.php\/shop\/\",\"url\":\"https:\/\/www.ikonorm.com\/index.php\/shop\/\",\"name\":\"Productos\"}},{\"@type\":\"ListItem\",\"position\":3,\"item\":{\"@type\":\"WebPage\",\"@id\":\"https:\/\/www.ikonorm.com\/index.php\/producto\/qpl-ams2644-inspeccion-de-materiales\/\",\"url\":\"https:\/\/www.ikonorm.com\/index.php\/producto\/qpl-ams2644-inspeccion-de-materiales\/\",\"name\":\"QPL-AMS2644 Inspecci\\u00f3n de materiales\"}}]}]}<\/script>\n<!-- \/ Yoast SEO plugin. -->","_links":{"self":[{"href":"https:\/\/www.ikonorm.com\/index.php\/wp-json\/wp\/v2\/product\/213","targetHints":{"allow":["GET"]}}],"collection":[{"href":"https:\/\/www.ikonorm.com\/index.php\/wp-json\/wp\/v2\/product"}],"about":[{"href":"https:\/\/www.ikonorm.com\/index.php\/wp-json\/wp\/v2\/types\/product"}],"replies":[{"embeddable":true,"href":"https:\/\/www.ikonorm.com\/index.php\/wp-json\/wp\/v2\/comments?post=213"}],"wp:featuredmedia":[{"embeddable":true,"href":"https:\/\/www.ikonorm.com\/index.php\/wp-json\/wp\/v2\/media\/214"}],"wp:attachment":[{"href":"https:\/\/www.ikonorm.com\/index.php\/wp-json\/wp\/v2\/media?parent=213"}],"curies":[{"name":"wp","href":"https:\/\/api.w.org\/{rel}","templated":true}]}}