{"id":209,"date":"2020-05-11T21:51:35","date_gmt":"2020-05-11T21:51:35","guid":{"rendered":"https:\/\/www.ikonorm.com\/?post_type=product&#038;p=209"},"modified":"2026-04-17T15:50:25","modified_gmt":"2026-04-17T15:50:25","slug":"astm-e2533-17-guia-estandar-para-pruebas-no-destructivas","status":"publish","type":"product","link":"https:\/\/www.ikonorm.com\/index.php\/producto\/astm-e2533-17-guia-estandar-para-pruebas-no-destructivas\/","title":{"rendered":"ASTM E2533 &#8211; 17 Gu\u00eda est\u00e1ndar para pruebas no destructivas"},"content":{"rendered":"<p>Gu\u00eda est\u00e1ndar para pruebas no destructivas de compuestos de matriz de pol\u00edmeros utilizados en aplicaciones aeroespaciales.<\/p>\n<p>Esta gu\u00eda proporciona informaci\u00f3n para ayudar a los ingenieros a seleccionar m\u00e9todos apropiados de pruebas no destructivas para caracterizar compuestos de matriz de pol\u00edmero aeroespacial (PMC).<\/p>\n<p>Fecha: 2017 Idioma: ingl\u00e9s Autor: ASTM International p\u00e1ginas: 48 formato: PDF \/ Impreso<\/p>\n","protected":false},"excerpt":{"rendered":"<p>Esta gu\u00eda proporciona informaci\u00f3n para ayudar a los ingenieros a seleccionar m\u00e9todos apropiados de pruebas no destructivas para caracterizar compuestos de matriz de pol\u00edmero aeroespacial (PMC).<\/p>\n","protected":false},"featured_media":210,"comment_status":"open","ping_status":"closed","template":"","meta":{"_monsterinsights_skip_tracking":false,"_monsterinsights_sitenote_active":false,"_monsterinsights_sitenote_note":"","_monsterinsights_sitenote_category":0},"class_list":["post-209","product","type-product","status-publish","has-post-thumbnail","hentry","product_cat-materiales","product_cat-normas","col-xs-6 col-sm-4","col-mf-5","un--cols"],"yoast_head":"<!-- This site is optimized with the Yoast SEO plugin v15.9.2 - https:\/\/yoast.com\/wordpress\/plugins\/seo\/ -->\n<title>ASTM E2533 - 17 Gu\u00eda est\u00e1ndar para pruebas no destructivas - Tienda de normas e informaci\u00f3n t\u00e9cnica- IKONORM<\/title>\n<link rel=\"canonical\" href=\"https:\/\/www.ikonorm.com\/index.php\/producto\/astm-e2533-17-guia-estandar-para-pruebas-no-destructivas\/\" \/>\n<meta property=\"og:locale\" content=\"es_ES\" \/>\n<meta property=\"og:type\" content=\"article\" \/>\n<meta property=\"og:title\" content=\"ASTM E2533 - 17 Gu\u00eda est\u00e1ndar para pruebas no destructivas - Tienda de normas e informaci\u00f3n t\u00e9cnica- IKONORM\" \/>\n<meta property=\"og:description\" content=\"Esta gu\u00eda proporciona informaci\u00f3n para ayudar a los ingenieros a seleccionar m\u00e9todos apropiados de pruebas no destructivas para caracterizar compuestos de matriz de pol\u00edmero aeroespacial (PMC).\" \/>\n<meta property=\"og:url\" content=\"https:\/\/www.ikonorm.com\/index.php\/producto\/astm-e2533-17-guia-estandar-para-pruebas-no-destructivas\/\" \/>\n<meta property=\"og:site_name\" content=\"Tienda de normas e informaci\u00f3n t\u00e9cnica- IKONORM\" \/>\n<meta property=\"article:modified_time\" content=\"2026-04-17T15:50:25+00:00\" \/>\n<meta property=\"og:image\" content=\"https:\/\/www.ikonorm.com\/wp-content\/uploads\/2020\/05\/433x449-NORMAS-ASTMF2533-17-IKONORM.jpg\" \/>\n\t<meta property=\"og:image:width\" content=\"433\" \/>\n\t<meta property=\"og:image:height\" content=\"449\" \/>\n<meta name=\"twitter:card\" content=\"summary_large_image\" \/>\n<script type=\"application\/ld+json\" class=\"yoast-schema-graph\">{\"@context\":\"https:\/\/schema.org\",\"@graph\":[{\"@type\":\"WebSite\",\"@id\":\"https:\/\/www.ikonorm.com\/#website\",\"url\":\"https:\/\/www.ikonorm.com\/\",\"name\":\"Tienda de normas e informaci\\u00f3n t\\u00e9cnica- IKONORM\",\"description\":\"\",\"potentialAction\":[{\"@type\":\"SearchAction\",\"target\":\"https:\/\/www.ikonorm.com\/?s={search_term_string}\",\"query-input\":\"required name=search_term_string\"}],\"inLanguage\":\"es\"},{\"@type\":\"ImageObject\",\"@id\":\"https:\/\/www.ikonorm.com\/index.php\/producto\/astm-e2533-17-guia-estandar-para-pruebas-no-destructivas\/#primaryimage\",\"inLanguage\":\"es\",\"url\":\"https:\/\/www.ikonorm.com\/wp-content\/uploads\/2020\/05\/433x449-NORMAS-ASTMF2533-17-IKONORM.jpg\",\"width\":433,\"height\":449},{\"@type\":\"WebPage\",\"@id\":\"https:\/\/www.ikonorm.com\/index.php\/producto\/astm-e2533-17-guia-estandar-para-pruebas-no-destructivas\/#webpage\",\"url\":\"https:\/\/www.ikonorm.com\/index.php\/producto\/astm-e2533-17-guia-estandar-para-pruebas-no-destructivas\/\",\"name\":\"ASTM E2533 - 17 Gu\\u00eda est\\u00e1ndar para pruebas no destructivas - Tienda de normas e informaci\\u00f3n t\\u00e9cnica- IKONORM\",\"isPartOf\":{\"@id\":\"https:\/\/www.ikonorm.com\/#website\"},\"primaryImageOfPage\":{\"@id\":\"https:\/\/www.ikonorm.com\/index.php\/producto\/astm-e2533-17-guia-estandar-para-pruebas-no-destructivas\/#primaryimage\"},\"datePublished\":\"2020-05-11T21:51:35+00:00\",\"dateModified\":\"2026-04-17T15:50:25+00:00\",\"breadcrumb\":{\"@id\":\"https:\/\/www.ikonorm.com\/index.php\/producto\/astm-e2533-17-guia-estandar-para-pruebas-no-destructivas\/#breadcrumb\"},\"inLanguage\":\"es\",\"potentialAction\":[{\"@type\":\"ReadAction\",\"target\":[\"https:\/\/www.ikonorm.com\/index.php\/producto\/astm-e2533-17-guia-estandar-para-pruebas-no-destructivas\/\"]}]},{\"@type\":\"BreadcrumbList\",\"@id\":\"https:\/\/www.ikonorm.com\/index.php\/producto\/astm-e2533-17-guia-estandar-para-pruebas-no-destructivas\/#breadcrumb\",\"itemListElement\":[{\"@type\":\"ListItem\",\"position\":1,\"item\":{\"@type\":\"WebPage\",\"@id\":\"https:\/\/www.ikonorm.com\/\",\"url\":\"https:\/\/www.ikonorm.com\/\",\"name\":\"Portada\"}},{\"@type\":\"ListItem\",\"position\":2,\"item\":{\"@type\":\"WebPage\",\"@id\":\"https:\/\/www.ikonorm.com\/index.php\/shop\/\",\"url\":\"https:\/\/www.ikonorm.com\/index.php\/shop\/\",\"name\":\"Productos\"}},{\"@type\":\"ListItem\",\"position\":3,\"item\":{\"@type\":\"WebPage\",\"@id\":\"https:\/\/www.ikonorm.com\/index.php\/producto\/astm-e2533-17-guia-estandar-para-pruebas-no-destructivas\/\",\"url\":\"https:\/\/www.ikonorm.com\/index.php\/producto\/astm-e2533-17-guia-estandar-para-pruebas-no-destructivas\/\",\"name\":\"ASTM E2533 &#8211; 17 Gu\\u00eda est\\u00e1ndar para pruebas no destructivas\"}}]}]}<\/script>\n<!-- \/ Yoast SEO plugin. -->","_links":{"self":[{"href":"https:\/\/www.ikonorm.com\/index.php\/wp-json\/wp\/v2\/product\/209","targetHints":{"allow":["GET"]}}],"collection":[{"href":"https:\/\/www.ikonorm.com\/index.php\/wp-json\/wp\/v2\/product"}],"about":[{"href":"https:\/\/www.ikonorm.com\/index.php\/wp-json\/wp\/v2\/types\/product"}],"replies":[{"embeddable":true,"href":"https:\/\/www.ikonorm.com\/index.php\/wp-json\/wp\/v2\/comments?post=209"}],"wp:featuredmedia":[{"embeddable":true,"href":"https:\/\/www.ikonorm.com\/index.php\/wp-json\/wp\/v2\/media\/210"}],"wp:attachment":[{"href":"https:\/\/www.ikonorm.com\/index.php\/wp-json\/wp\/v2\/media?parent=209"}],"curies":[{"name":"wp","href":"https:\/\/api.w.org\/{rel}","templated":true}]}}