{"id":144,"date":"2020-05-11T17:07:55","date_gmt":"2020-05-11T17:07:55","guid":{"rendered":"https:\/\/www.ikonorm.com\/?post_type=product&#038;p=144"},"modified":"2026-04-14T21:31:14","modified_gmt":"2026-04-14T21:31:14","slug":"nfpa-102017-estandar-para-extinguidores-de-fuego-portatiles","status":"publish","type":"product","link":"https:\/\/www.ikonorm.com\/index.php\/producto\/nfpa-102017-estandar-para-extinguidores-de-fuego-portatiles\/","title":{"rendered":"NFPA 10:2017 EST\u00c1NDAR PARA EXTINGUIDORES DE FUEGO PORT\u00c1TILES"},"content":{"rendered":"<p>EST\u00c1NDAR PARA EXTINGUIDORES DE FUEGO PORT\u00c1TILES<\/p>\n<p>Las disposiciones de esta norma se aplican a la selecci\u00f3n, instalaci\u00f3n, inspecci\u00f3n, mantenimiento y prueba del equipo port\u00e1til de extinci\u00f3n.<\/p>\n<p>Fecha: 2017 Publicado por: Asociaci\u00f3n Nacional de Protecci\u00f3n contra Incendios (NFPA) Idioma:Ingl\u00e9s p\u00e1ginas: 79 formato: PDF, Impreso<\/p>\n","protected":false},"excerpt":{"rendered":"<p>Las disposiciones de esta norma se aplican a la selecci\u00f3n, instalaci\u00f3n, inspecci\u00f3n, mantenimiento y prueba del equipo port\u00e1til de extinci\u00f3n.<\/p>\n","protected":false},"featured_media":142,"comment_status":"open","ping_status":"closed","template":"","meta":{"_monsterinsights_skip_tracking":false,"_monsterinsights_sitenote_active":false,"_monsterinsights_sitenote_note":"","_monsterinsights_sitenote_category":0},"class_list":["post-144","product","type-product","status-publish","has-post-thumbnail","hentry","product_cat-normas","product_cat-practica-de-ingenieria","col-xs-6 col-sm-4","col-mf-5","un--cols"],"yoast_head":"<!-- This site is optimized with the Yoast SEO plugin v15.9.2 - https:\/\/yoast.com\/wordpress\/plugins\/seo\/ -->\n<title>NFPA 10:2017 EST\u00c1NDAR PARA EXTINGUIDORES DE FUEGO PORT\u00c1TILES - Tienda de normas e informaci\u00f3n t\u00e9cnica- IKONORM<\/title>\n<link rel=\"canonical\" href=\"https:\/\/www.ikonorm.com\/index.php\/producto\/nfpa-102017-estandar-para-extinguidores-de-fuego-portatiles\/\" \/>\n<meta property=\"og:locale\" content=\"es_ES\" \/>\n<meta property=\"og:type\" content=\"article\" \/>\n<meta property=\"og:title\" content=\"NFPA 10:2017 EST\u00c1NDAR PARA EXTINGUIDORES DE FUEGO PORT\u00c1TILES - Tienda de normas e informaci\u00f3n t\u00e9cnica- IKONORM\" \/>\n<meta property=\"og:description\" content=\"Las disposiciones de esta norma se aplican a la selecci\u00f3n, instalaci\u00f3n, inspecci\u00f3n, mantenimiento y prueba del equipo port\u00e1til de extinci\u00f3n.\" \/>\n<meta property=\"og:url\" content=\"https:\/\/www.ikonorm.com\/index.php\/producto\/nfpa-102017-estandar-para-extinguidores-de-fuego-portatiles\/\" \/>\n<meta property=\"og:site_name\" content=\"Tienda de normas e informaci\u00f3n t\u00e9cnica- IKONORM\" \/>\n<meta property=\"article:modified_time\" content=\"2026-04-14T21:31:14+00:00\" \/>\n<meta property=\"og:image\" content=\"https:\/\/www.ikonorm.com\/wp-content\/uploads\/2020\/05\/433x449-NORMAS-NFPA10-2017-IKONORM.jpg\" \/>\n\t<meta property=\"og:image:width\" content=\"433\" \/>\n\t<meta property=\"og:image:height\" content=\"449\" \/>\n<meta name=\"twitter:card\" content=\"summary_large_image\" \/>\n<script type=\"application\/ld+json\" class=\"yoast-schema-graph\">{\"@context\":\"https:\/\/schema.org\",\"@graph\":[{\"@type\":\"WebSite\",\"@id\":\"https:\/\/www.ikonorm.com\/#website\",\"url\":\"https:\/\/www.ikonorm.com\/\",\"name\":\"Tienda de normas e informaci\\u00f3n t\\u00e9cnica- IKONORM\",\"description\":\"\",\"potentialAction\":[{\"@type\":\"SearchAction\",\"target\":\"https:\/\/www.ikonorm.com\/?s={search_term_string}\",\"query-input\":\"required name=search_term_string\"}],\"inLanguage\":\"es\"},{\"@type\":\"ImageObject\",\"@id\":\"https:\/\/www.ikonorm.com\/index.php\/producto\/nfpa-102017-estandar-para-extinguidores-de-fuego-portatiles\/#primaryimage\",\"inLanguage\":\"es\",\"url\":\"https:\/\/www.ikonorm.com\/wp-content\/uploads\/2020\/05\/433x449-NORMAS-NFPA10-2017-IKONORM.jpg\",\"width\":433,\"height\":449},{\"@type\":\"WebPage\",\"@id\":\"https:\/\/www.ikonorm.com\/index.php\/producto\/nfpa-102017-estandar-para-extinguidores-de-fuego-portatiles\/#webpage\",\"url\":\"https:\/\/www.ikonorm.com\/index.php\/producto\/nfpa-102017-estandar-para-extinguidores-de-fuego-portatiles\/\",\"name\":\"NFPA 10:2017 EST\\u00c1NDAR PARA EXTINGUIDORES DE FUEGO PORT\\u00c1TILES - Tienda de normas e informaci\\u00f3n t\\u00e9cnica- IKONORM\",\"isPartOf\":{\"@id\":\"https:\/\/www.ikonorm.com\/#website\"},\"primaryImageOfPage\":{\"@id\":\"https:\/\/www.ikonorm.com\/index.php\/producto\/nfpa-102017-estandar-para-extinguidores-de-fuego-portatiles\/#primaryimage\"},\"datePublished\":\"2020-05-11T17:07:55+00:00\",\"dateModified\":\"2026-04-14T21:31:14+00:00\",\"breadcrumb\":{\"@id\":\"https:\/\/www.ikonorm.com\/index.php\/producto\/nfpa-102017-estandar-para-extinguidores-de-fuego-portatiles\/#breadcrumb\"},\"inLanguage\":\"es\",\"potentialAction\":[{\"@type\":\"ReadAction\",\"target\":[\"https:\/\/www.ikonorm.com\/index.php\/producto\/nfpa-102017-estandar-para-extinguidores-de-fuego-portatiles\/\"]}]},{\"@type\":\"BreadcrumbList\",\"@id\":\"https:\/\/www.ikonorm.com\/index.php\/producto\/nfpa-102017-estandar-para-extinguidores-de-fuego-portatiles\/#breadcrumb\",\"itemListElement\":[{\"@type\":\"ListItem\",\"position\":1,\"item\":{\"@type\":\"WebPage\",\"@id\":\"https:\/\/www.ikonorm.com\/\",\"url\":\"https:\/\/www.ikonorm.com\/\",\"name\":\"Portada\"}},{\"@type\":\"ListItem\",\"position\":2,\"item\":{\"@type\":\"WebPage\",\"@id\":\"https:\/\/www.ikonorm.com\/index.php\/shop\/\",\"url\":\"https:\/\/www.ikonorm.com\/index.php\/shop\/\",\"name\":\"Productos\"}},{\"@type\":\"ListItem\",\"position\":3,\"item\":{\"@type\":\"WebPage\",\"@id\":\"https:\/\/www.ikonorm.com\/index.php\/producto\/nfpa-102017-estandar-para-extinguidores-de-fuego-portatiles\/\",\"url\":\"https:\/\/www.ikonorm.com\/index.php\/producto\/nfpa-102017-estandar-para-extinguidores-de-fuego-portatiles\/\",\"name\":\"NFPA 10:2017 EST\\u00c1NDAR PARA EXTINGUIDORES DE FUEGO PORT\\u00c1TILES\"}}]}]}<\/script>\n<!-- \/ Yoast SEO plugin. -->","_links":{"self":[{"href":"https:\/\/www.ikonorm.com\/index.php\/wp-json\/wp\/v2\/product\/144","targetHints":{"allow":["GET"]}}],"collection":[{"href":"https:\/\/www.ikonorm.com\/index.php\/wp-json\/wp\/v2\/product"}],"about":[{"href":"https:\/\/www.ikonorm.com\/index.php\/wp-json\/wp\/v2\/types\/product"}],"replies":[{"embeddable":true,"href":"https:\/\/www.ikonorm.com\/index.php\/wp-json\/wp\/v2\/comments?post=144"}],"wp:featuredmedia":[{"embeddable":true,"href":"https:\/\/www.ikonorm.com\/index.php\/wp-json\/wp\/v2\/media\/142"}],"wp:attachment":[{"href":"https:\/\/www.ikonorm.com\/index.php\/wp-json\/wp\/v2\/media?parent=144"}],"curies":[{"name":"wp","href":"https:\/\/api.w.org\/{rel}","templated":true}]}}